{"id":42,"date":"2013-10-15T10:28:49","date_gmt":"2013-10-15T09:28:49","guid":{"rendered":"http:\/\/www.cicade.org\/index-wp.php\/?page_id=42"},"modified":"2026-04-08T16:03:19","modified_gmt":"2026-04-08T15:03:19","slug":"formations","status":"publish","type":"page","link":"http:\/\/www.cicade.org\/?page_id=42","title":{"rendered":"Formations"},"content":{"rendered":"<p style=\"text-align: left;\">Le CICADE propose :<\/p>\n<ul style=\"text-align: justify;\">\n<li><a href=\"https:\/\/www.cicade.org\/?p=3763\" target=\"_blank\" rel=\"noopener\">Des sessions de formation annuelles<\/a> (sessions interprofessionnelles d&rsquo;une \u00e0 quatre journ\u00e9es) : Ces sessions sont destin\u00e9es en particulier \u00e0 ceux qui souhaitent participer \u00e0 une formation d\u00e9taill\u00e9e en droit des \u00e9trangers ou en droit international de la famille. Il s\u2019agit de stages approfondis durant lesquels les participants re\u00e7oivent l\u2019ensemble de la documentation de r\u00e9f\u00e9rence relative au sujet trait\u00e9 (textes de loi, d\u00e9crets, circulaires, trait\u00e9s internationaux, jurisprudence, etc.). Ces journ\u00e9es ont \u00e9galement pour objectif d\u2019apprendre aux stagiaires \u00e0 manier par eux-m\u00eames ces documents juridiques, notamment par l\u2019utilisation de cas pratiques propos\u00e9s lors de la derni\u00e8re demi-journ\u00e9e. Un programme de sessions de formation est ainsi propos\u00e9 chaque ann\u00e9e selon un calendrier \u00e9tabli.<\/li>\n<\/ul>\n<p><em>Ces sessions en inscription individuelle s&rsquo;adressent principalement aux travailleurs sociaux, agents de L\u2019\u00c9tat ou des collectivit\u00e9s locales, b\u00e9n\u00e9voles et permanents d\u2019associations, adultes relais, juristes ou toute personne accueillant du public &#8230;<\/em><\/p>\n<p style=\"text-align: right;\"><span style=\"color: #800080;\"><a style=\"color: #800080;\" href=\"https:\/\/www.cicade.org\/?page_id=2341&amp;preview=true\" target=\"_blank\" rel=\"noopener\"><strong>\u21d2 informations pratiques<\/strong><\/a><\/span><\/p>\n<ul style=\"text-align: justify;\">\n<li><a href=\"http:\/\/www.cicade.org\/wp-content\/uploads\/2026\/04\/Formations-sur-site-2026-CICADE.pdf\" target=\"_blank\" rel=\"noopener\">Des formations sur site<\/a> (formations en intra \u00e0 la demande)\u00a0: Ces modules<b> <\/b>s\u2019adressent aux professionnels d&rsquo;un m\u00eame organisme (travailleurs sociaux, juristes et\/ou b\u00e9n\u00e9voles d\u2019associations, professionnels du droit) amen\u00e9s \u00e0 recevoir, informer, orienter, voire \u00e0 assurer la d\u00e9fense juridique des personnes \u00e9trang\u00e8res ou issues de l\u2019immigration. Les participants peuvent gr\u00e2ce \u00e0 ces s\u00e9ances acqu\u00e9rir une connaissance approfondie des textes juridiques, des pratiques et, le cas \u00e9ch\u00e9ant, des voies de recours sur un th\u00e8me choisi du droit des \u00e9trangers ou du droit international de la famille.<\/li>\n<\/ul>\n<p style=\"text-align: left;\"><em>Ces interventions \u00e0 la carte sont r\u00e9alis\u00e9es au sein des organismes qui souhaitent d\u00e9velopper leurs comp\u00e9tences en interne. Elles s\u2019adressent \u00e0 des groupes de cinq \u00e0 quinze personnes et se d\u00e9roulent sur une \u00e0 trois journ\u00e9es.<\/em><\/p>\n<p style=\"text-align: right;\"><span style=\"color: #800080;\"><a style=\"color: #800080;\" href=\"https:\/\/www.cicade.org\/?page_id=2355&amp;preview=true\" target=\"_blank\" rel=\"noopener\"><strong>\u21d2 informations pratiques<\/strong><\/a><\/span><\/p>\n<p>&nbsp;<\/p>\n<p><strong>T\u00e9l\u00e9charger le <a href=\"http:\/\/www.cicade.org\/wp-content\/uploads\/2026\/04\/Catalogue-2026-CICADE.pdf\" target=\"_blank\" rel=\"noopener\"><span style=\"color: #800080;\">catalogue des formations CICADE 2026<\/span><\/a><\/strong><\/p>\n<p><strong>T\u00e9l\u00e9charger les<span style=\"color: #800080;\"> <a style=\"color: #800080;\" href=\"http:\/\/www.cicade.org\/wp-content\/uploads\/2023\/07\/CGV-Cicade-2023.pdf\" target=\"_blank\" rel=\"noopener\">conditions g\u00e9n\u00e9rales de vente des formations<\/a><\/span><\/strong><\/p>\n<p>&nbsp;<\/p>\n<table width=\"100%\">\n<tbody>\n<tr>\n<td>\n<h6>Pour toute information concernant ces interventions, contactez le CICADE au 04 67 58 71 52 ou \u00e0 l&rsquo;adresse <a href=\"mailto:centre@cicade.org\">centre@cicade.org<\/a><\/h6>\n<\/td>\n<\/tr>\n<\/tbody>\n<\/table>\n<p>&nbsp;<\/p>\n<p><img loading=\"lazy\" decoding=\"async\" class=\"wp-image-2059 alignleft\" src=\"http:\/\/www.cicade.org\/wp-content\/uploads\/2013\/09\/Picto_datadocke.jpg\" alt=\"Picto_datadocke\" width=\"102\" height=\"110\" srcset=\"http:\/\/www.cicade.org\/wp-content\/uploads\/2013\/09\/Picto_datadocke.jpg 716w, http:\/\/www.cicade.org\/wp-content\/uploads\/2013\/09\/Picto_datadocke-278x300.jpg 278w, http:\/\/www.cicade.org\/wp-content\/uploads\/2013\/09\/Picto_datadocke-139x150.jpg 139w, http:\/\/www.cicade.org\/wp-content\/uploads\/2013\/09\/Picto_datadocke-400x431.jpg 400w\" sizes=\"auto, (max-width: 102px) 100vw, 102px\" \/><\/p>\n<p>&nbsp;<\/p>\n<p>Le CICADE est d\u00e9clar\u00e9 en tant qu&rsquo;organisme de formation depuis 1999 sous le n\u00b0 91340404034<\/p>\n<p>Il est r\u00e9f\u00e9ren\u00e7able sur le Datadock depuis le 08\/09\/17<\/p>\n<p>&nbsp;<\/p>\n<p>&nbsp;<\/p>\n<p>&nbsp;<\/p>\n<p><img loading=\"lazy\" decoding=\"async\" class=\" wp-image-2650 alignleft\" src=\"http:\/\/www.cicade.org\/wp-content\/uploads\/2013\/10\/logo-QUALIOPI.jpg\" alt=\"logo QUALIOPI\" width=\"178\" height=\"96\" srcset=\"http:\/\/www.cicade.org\/wp-content\/uploads\/2013\/10\/logo-QUALIOPI.jpg 276w, http:\/\/www.cicade.org\/wp-content\/uploads\/2013\/10\/logo-QUALIOPI-150x80.jpg 150w\" sizes=\"auto, (max-width: 178px) 100vw, 178px\" \/><\/p>\n<p>&nbsp;<\/p>\n<p>Il est \u00e9galement certifi\u00e9 Qualiopi depuis novembre 2021.<\/p>\n<p>La certification qualit\u00e9 a \u00e9t\u00e9 d\u00e9livr\u00e9e au titre des cat\u00e9gories d\u2019actions suivantes : ACTIONS DE FORMATION<\/p>\n<p>&nbsp;<\/p>\n<p>&nbsp;<\/p>\n<p><strong>Acc\u00e9der au\u00a0<a href=\"http:\/\/www.cicade.org\/wp-content\/uploads\/2024\/10\/certificat-B02279-2021-11-01T23_00_00Z.pdf\" target=\"_blank\" rel=\"noopener\"><span style=\"color: #800080;\">Certificat QUALIOPI du CICADE<\/span><\/a><\/strong><\/p>\n<p>&nbsp;<\/p>\n<h4><a href=\"https:\/\/www.cicade.org\/?page_id=2154&amp;preview=true\" target=\"_blank\" rel=\"noopener\">D\u00e9marche qualit\u00e9 du CICADE<\/a><\/h4>\n<p>&nbsp;<\/p>\n\n\n<p><\/p>\n","protected":false},"excerpt":{"rendered":"<p style=\"text-align: left;\">Le CICADE propose :<\/p>\n<p> Des sessions de formation annuelles (sessions interprofessionnelles d&rsquo;une \u00e0 quatre journ\u00e9es) : Ces sessions sont destin\u00e9es en particulier \u00e0 ceux qui souhaitent participer \u00e0 une formation d\u00e9taill\u00e9e en droit des \u00e9trangers ou en droit international de la famille. Il s\u2019agit de stages approfondis durant lesquels les participants re\u00e7oivent l\u2019ensemble de la documentation de r\u00e9f\u00e9rence relative au sujet trait\u00e9 (textes de loi, d\u00e9crets, circulaires, trait\u00e9s internationaux, jurisprudence, etc.). Ces journ\u00e9es <\/p>\n<p>[&#8230;<a href=\"http:\/\/www.cicade.org\/?page_id=42\">lire la suite<\/a>]<\/p>\n","protected":false},"author":1,"featured_media":0,"parent":39,"menu_order":1,"comment_status":"closed","ping_status":"open","template":"","meta":{"footnotes":""},"class_list":["post-42","page","type-page","status-publish","hentry","odd"],"publishpress_future_action":{"enabled":false,"date":"2026-04-20 20:40:06","action":"change-status","newStatus":"draft","terms":[],"taxonomy":"","extraData":[]},"publishpress_future_workflow_manual_trigger":{"enabledWorkflows":[]},"_links":{"self":[{"href":"http:\/\/www.cicade.org\/index.php?rest_route=\/wp\/v2\/pages\/42","targetHints":{"allow":["GET"]}}],"collection":[{"href":"http:\/\/www.cicade.org\/index.php?rest_route=\/wp\/v2\/pages"}],"about":[{"href":"http:\/\/www.cicade.org\/index.php?rest_route=\/wp\/v2\/types\/page"}],"author":[{"embeddable":true,"href":"http:\/\/www.cicade.org\/index.php?rest_route=\/wp\/v2\/users\/1"}],"replies":[{"embeddable":true,"href":"http:\/\/www.cicade.org\/index.php?rest_route=%2Fwp%2Fv2%2Fcomments&post=42"}],"version-history":[{"count":3,"href":"http:\/\/www.cicade.org\/index.php?rest_route=\/wp\/v2\/pages\/42\/revisions"}],"predecessor-version":[{"id":3797,"href":"http:\/\/www.cicade.org\/index.php?rest_route=\/wp\/v2\/pages\/42\/revisions\/3797"}],"up":[{"embeddable":true,"href":"http:\/\/www.cicade.org\/index.php?rest_route=\/wp\/v2\/pages\/39"}],"wp:attachment":[{"href":"http:\/\/www.cicade.org\/index.php?rest_route=%2Fwp%2Fv2%2Fmedia&parent=42"}],"curies":[{"name":"wp","href":"https:\/\/api.w.org\/{rel}","templated":true}]}}