{"id":36,"date":"2013-10-15T10:26:27","date_gmt":"2013-10-15T09:26:27","guid":{"rendered":"http:\/\/www.cicade.org\/index-wp.php\/?page_id=36"},"modified":"2024-07-29T16:28:54","modified_gmt":"2024-07-29T15:28:54","slug":"ateliers-de-droits","status":"publish","type":"page","link":"https:\/\/www.cicade.org\/?page_id=36","title":{"rendered":"Ateliers d&rsquo;acc\u00e8s au(x) droit(s)"},"content":{"rendered":"<p style=\"text-align: justify;\">Ouverts \u00e0 un large public, les ateliers d&rsquo;acc\u00e8s au(x) droit(s) ont pour objectif d&rsquo;assurer une pr\u00e9sentation g\u00e9n\u00e9rale du cadre juridique concernant principalement des th\u00e8mes divers du droit des \u00e9trangers (droit du s\u00e9jour des \u00e9trangers, droit de la nationalit\u00e9, droit de la famille, etc.).<\/p>\n<p style=\"text-align: justify;\">Le CICADE propose \u00e9galement des ateliers d\u2019approfondissement en droit des \u00e9trangers. Il s\u2019agit d\u2019ateliers consacr\u00e9s pour l\u2019essentiel \u00e0 des \u00e9tudes de cas concernant des th\u00e8mes trait\u00e9s auparavant en atelier de \u00ab\u00a0base\u00a0\u00bb. Ils sont destin\u00e9s aux praticiens de l\u2019accueil des \u00e9trangers qui ont suivi la pr\u00e9c\u00e9dente formation. Les participants sont invit\u00e9s \u00e0 pr\u00e9senter un ou plusieurs de leurs dossiers parmi les plus complexes et \u00e0 se munir des textes appropri\u00e9s dont ils disposent. Les dossiers retenus sont trait\u00e9s collectivement de fa\u00e7on \u00e0 permettre la confrontation des approches et des m\u00e9thodes.<\/p>\n<p style=\"text-align: justify;\">Ces ateliers sont notamment r\u00e9alis\u00e9s gratuitement en Occitanie <a title=\"Citoyennet\u00e9 &amp; acc\u00e8s au(x) droit(s)\" href=\"http:\/\/www.cicade.org\/?page_id=23\">dans le cadre du programme \u00ab\u00a0Education \u00e0 la citoyennet\u00e9 par l&rsquo;acc\u00e8s au(x) droit(s)\u00a0\u00bb<\/a>. Le CICADE intervient \u00e9galement en r\u00e9gion Provence-Alpes-C\u00f4te d\u2019azur o\u00f9 il a anim\u00e9 de nombreux ateliers organis\u00e9s en partenariat avec l\u2019association Espace \u2013 Centre de ressources pour les acteurs de l\u2019int\u00e9gration.<\/p>\n<p style=\"text-align: justify;\"><a title=\"Consultez la liste des ateliers\" href=\"http:\/\/www.cicade.org\/?cat=3\">Ateliers d&rsquo;acc\u00e8s au(x) droit(s) anim\u00e9s par le CICADE <\/a><\/p>\n\n\n<p><\/p>\n","protected":false},"excerpt":{"rendered":"<p style=\"text-align: justify;\">Ouverts \u00e0 un large public, les ateliers d&rsquo;acc\u00e8s au(x) droit(s) ont pour objectif d&rsquo;assurer une pr\u00e9sentation g\u00e9n\u00e9rale du cadre juridique concernant principalement des th\u00e8mes divers du droit des \u00e9trangers (droit du s\u00e9jour des \u00e9trangers, droit de la nationalit\u00e9, droit de la famille, etc.).<\/p>\n<p style=\"text-align: justify;\">Le CICADE propose \u00e9galement des ateliers d\u2019approfondissement en droit des \u00e9trangers. Il s\u2019agit d\u2019ateliers consacr\u00e9s pour l\u2019essentiel \u00e0 des \u00e9tudes de cas concernant des th\u00e8mes trait\u00e9s auparavant en <\/p>\n<p>[&#8230;<a href=\"https:\/\/www.cicade.org\/?page_id=36\">lire la suite<\/a>]<\/p>\n","protected":false},"author":1,"featured_media":0,"parent":39,"menu_order":1,"comment_status":"closed","ping_status":"open","template":"","meta":{"footnotes":""},"class_list":["post-36","page","type-page","status-publish","hentry","odd"],"publishpress_future_action":{"enabled":false,"date":"2026-04-22 04:31:44","action":"change-status","newStatus":"draft","terms":[],"taxonomy":"","extraData":[]},"publishpress_future_workflow_manual_trigger":{"enabledWorkflows":[]},"_links":{"self":[{"href":"https:\/\/www.cicade.org\/index.php?rest_route=\/wp\/v2\/pages\/36","targetHints":{"allow":["GET"]}}],"collection":[{"href":"https:\/\/www.cicade.org\/index.php?rest_route=\/wp\/v2\/pages"}],"about":[{"href":"https:\/\/www.cicade.org\/index.php?rest_route=\/wp\/v2\/types\/page"}],"author":[{"embeddable":true,"href":"https:\/\/www.cicade.org\/index.php?rest_route=\/wp\/v2\/users\/1"}],"replies":[{"embeddable":true,"href":"https:\/\/www.cicade.org\/index.php?rest_route=%2Fwp%2Fv2%2Fcomments&post=36"}],"version-history":[{"count":3,"href":"https:\/\/www.cicade.org\/index.php?rest_route=\/wp\/v2\/pages\/36\/revisions"}],"predecessor-version":[{"id":3494,"href":"https:\/\/www.cicade.org\/index.php?rest_route=\/wp\/v2\/pages\/36\/revisions\/3494"}],"up":[{"embeddable":true,"href":"https:\/\/www.cicade.org\/index.php?rest_route=\/wp\/v2\/pages\/39"}],"wp:attachment":[{"href":"https:\/\/www.cicade.org\/index.php?rest_route=%2Fwp%2Fv2%2Fmedia&parent=36"}],"curies":[{"name":"wp","href":"https:\/\/api.w.org\/{rel}","templated":true}]}}