{"id":45,"date":"2013-10-18T08:11:04","date_gmt":"2013-10-18T07:11:04","guid":{"rendered":"http:\/\/www.cicade.org\/index-wp.php\/?page_id=45"},"modified":"2015-07-30T14:37:35","modified_gmt":"2015-07-30T13:37:35","slug":"presentation","status":"publish","type":"page","link":"https:\/\/www.cicade.org\/?page_id=45","title":{"rendered":"Pr\u00e9sentation"},"content":{"rendered":"<p style=\"text-align: justify;\">Le CICADE est une association montpelli\u00e9raine qui a pour principale mission d&rsquo;agir en faveur de l&rsquo;acc\u00e8s au(x) droit(s) des personnes \u00e9trang\u00e8res ou issues de l&rsquo;immigration. Il s&rsquo;agit notamment d&rsquo;accompagner les personnes mobilis\u00e9es et les professionnels du travail social et juridique dans la compr\u00e9hension du droit des \u00e9trangers et du droit international de la famille. L&rsquo;objectif est \u00e9galement de leur permettre de s\u2019approprier des moyens d\u2019actions juridiques et d\u2019\u00eatre ainsi en capacit\u00e9 de participer activement \u00e0 la d\u00e9fense des droits et des libert\u00e9s.<\/p>\n<p style=\"text-align: justify;\"><img loading=\"lazy\" decoding=\"async\" class=\"alignleft size-full wp-image-6\" style=\"margin-top: 3px; margin-bottom: 3px;\" src=\"http:\/\/www.cicade.org\/wp-content\/uploads\/2013\/09\/logo-CICADE-contour-vert-violet.png\" alt=\"Le CICADE\" width=\"133\" height=\"125\" \/>Compos\u00e9 essentiellement de juristes, le CICADE est \u00e0 la fois <a title=\"Un centre de formation juridique\" href=\"http:\/\/www.cicade.org\/?page_id=15\">un centre de formation juridique<\/a>, <a title=\"Un centre d\u2019information juridique\" href=\"http:\/\/www.cicade.org\/?page_id=17\">un centre d&rsquo;information juridique<\/a> et <a title=\"Un Lieu ressource en droit de la famille des femmes \u00e9trang\u00e8res ou \u00ab\u00a0issues de l\u2019immigration\u00a0\u00bb\" href=\"http:\/\/www.cicade.org\/?page_id=21\">un Lieu ressource en droit international de la famille<\/a>.<\/p>\n<p style=\"text-align: justify;\">Ses activit\u00e9s d\u2019acc\u00e8s au(x) droit(s) et d\u2019accompagnement juridique permettent au CICADE de produire une r\u00e9flexion originale, n\u00e9e des r\u00e9alit\u00e9s et des probl\u00e9matiques de terrain et de proposer des formations actualis\u00e9es, dont le contenu est constamment \u201cpratiqu\u00e9\u201d par les membres de l\u2019association.<\/p>\n<p style=\"text-align: justify;\">\n","protected":false},"excerpt":{"rendered":"<p style=\"text-align: justify;\">Le CICADE est une association montpelli\u00e9raine qui a pour principale mission d&rsquo;agir en faveur de l&rsquo;acc\u00e8s au(x) droit(s) des personnes \u00e9trang\u00e8res ou issues de l&rsquo;immigration. Il s&rsquo;agit notamment d&rsquo;accompagner les personnes mobilis\u00e9es et les professionnels du travail social et juridique dans la compr\u00e9hension du droit des \u00e9trangers et du droit international de la famille. L&rsquo;objectif est \u00e9galement de leur permettre de s\u2019approprier des moyens d\u2019actions juridiques et d\u2019\u00eatre ainsi en capacit\u00e9 de participer <\/p>\n<p>[&#8230;<a href=\"https:\/\/www.cicade.org\/?page_id=45\">lire la suite<\/a>]<\/p>\n","protected":false},"author":1,"featured_media":0,"parent":2,"menu_order":1,"comment_status":"closed","ping_status":"closed","template":"","meta":{"footnotes":""},"class_list":["post-45","page","type-page","status-publish","hentry","odd"],"publishpress_future_action":{"enabled":false,"date":"2026-04-24 02:26:49","action":"change-status","newStatus":"draft","terms":[],"taxonomy":"","extraData":[]},"publishpress_future_workflow_manual_trigger":{"enabledWorkflows":[]},"_links":{"self":[{"href":"https:\/\/www.cicade.org\/index.php?rest_route=\/wp\/v2\/pages\/45","targetHints":{"allow":["GET"]}}],"collection":[{"href":"https:\/\/www.cicade.org\/index.php?rest_route=\/wp\/v2\/pages"}],"about":[{"href":"https:\/\/www.cicade.org\/index.php?rest_route=\/wp\/v2\/types\/page"}],"author":[{"embeddable":true,"href":"https:\/\/www.cicade.org\/index.php?rest_route=\/wp\/v2\/users\/1"}],"replies":[{"embeddable":true,"href":"https:\/\/www.cicade.org\/index.php?rest_route=%2Fwp%2Fv2%2Fcomments&post=45"}],"version-history":[{"count":3,"href":"https:\/\/www.cicade.org\/index.php?rest_route=\/wp\/v2\/pages\/45\/revisions"}],"predecessor-version":[{"id":980,"href":"https:\/\/www.cicade.org\/index.php?rest_route=\/wp\/v2\/pages\/45\/revisions\/980"}],"up":[{"embeddable":true,"href":"https:\/\/www.cicade.org\/index.php?rest_route=\/wp\/v2\/pages\/2"}],"wp:attachment":[{"href":"https:\/\/www.cicade.org\/index.php?rest_route=%2Fwp%2Fv2%2Fmedia&parent=45"}],"curies":[{"name":"wp","href":"https:\/\/api.w.org\/{rel}","templated":true}]}}