{"id":66,"date":"2014-01-21T10:53:41","date_gmt":"2014-01-21T09:53:41","guid":{"rendered":"http:\/\/www.cicade.org\/index-wp.php\/?page_id=66"},"modified":"2022-02-15T18:08:10","modified_gmt":"2022-02-15T17:08:10","slug":"soutiens","status":"publish","type":"page","link":"https:\/\/www.cicade.org\/?page_id=66","title":{"rendered":"Soutiens"},"content":{"rendered":"<p>&nbsp;<\/p>\n<p><img loading=\"lazy\" decoding=\"async\" class=\" wp-image-1463 alignleft\" src=\"http:\/\/www.cicade.org\/wp-content\/uploads\/2014\/01\/CGET_signat_seul_CMJN.jpg\" alt=\"Impression\" width=\"152\" height=\"141\" srcset=\"https:\/\/www.cicade.org\/wp-content\/uploads\/2014\/01\/CGET_signat_seul_CMJN.jpg 181w, https:\/\/www.cicade.org\/wp-content\/uploads\/2014\/01\/CGET_signat_seul_CMJN-150x139.jpg 150w\" sizes=\"auto, (max-width: 152px) 100vw, 152px\" \/><\/p>\n<p>&nbsp;<\/p>\n<p>&nbsp;<\/p>\n<p><a href=\"http:\/\/www.cget.gouv.fr\/\" target=\"_blank\"><strong>Commissariat g\u00e9n\u00e9ral \u00e0 l&rsquo;\u00e9galit\u00e9 des territoires (CGET)<\/strong><\/a><\/p>\n<p>&nbsp;<\/p>\n<p>&nbsp;<\/p>\n<p>&nbsp;<\/p>\n<p>&nbsp;<\/p>\n<p>&nbsp;<\/p>\n<p><a href=\"http:\/\/www.caf.fr\/\" target=\"_blank\"><img loading=\"lazy\" decoding=\"async\" class=\"alignleft wp-image-463\" src=\"http:\/\/www.cicade.org\/wp-content\/uploads\/2014\/01\/logo-caf-h\u00e9rault.jpg\" alt=\"Imprimer\" width=\"150\" height=\"220\" srcset=\"https:\/\/www.cicade.org\/wp-content\/uploads\/2014\/01\/logo-caf-h\u00e9rault.jpg 785w, https:\/\/www.cicade.org\/wp-content\/uploads\/2014\/01\/logo-caf-h\u00e9rault-204x300.jpg 204w, https:\/\/www.cicade.org\/wp-content\/uploads\/2014\/01\/logo-caf-h\u00e9rault-699x1024.jpg 699w, https:\/\/www.cicade.org\/wp-content\/uploads\/2014\/01\/logo-caf-h\u00e9rault-102x150.jpg 102w, https:\/\/www.cicade.org\/wp-content\/uploads\/2014\/01\/logo-caf-h\u00e9rault-400x585.jpg 400w\" sizes=\"auto, (max-width: 150px) 100vw, 150px\" \/><\/a><\/p>\n<p>&nbsp;<\/p>\n<p>&nbsp;<\/p>\n<p>&nbsp;<\/p>\n<p><a href=\"https:\/\/www.caf.fr\/allocataires\/caf-de-l-herault\/accueil\" target=\"_blank\"><strong>Caisse d&rsquo;allocations familiales de l&rsquo;H\u00e9rault<\/strong><\/a><\/p>\n<p>&nbsp;<\/p>\n<p>&nbsp;<\/p>\n<p>&nbsp;<\/p>\n<p>&nbsp;<\/p>\n<p>&nbsp;<\/p>\n<p><em>\u00a0<\/em><\/p>\n<p><img loading=\"lazy\" decoding=\"async\" class=\"wp-image-1451 alignleft\" src=\"http:\/\/www.cicade.org\/wp-content\/uploads\/2014\/01\/logo_departement_herault.jpg\" alt=\"logo_departement_herault\" width=\"199\" height=\"112\" srcset=\"https:\/\/www.cicade.org\/wp-content\/uploads\/2014\/01\/logo_departement_herault.jpg 640w, https:\/\/www.cicade.org\/wp-content\/uploads\/2014\/01\/logo_departement_herault-300x169.jpg 300w, https:\/\/www.cicade.org\/wp-content\/uploads\/2014\/01\/logo_departement_herault-150x84.jpg 150w, https:\/\/www.cicade.org\/wp-content\/uploads\/2014\/01\/logo_departement_herault-400x225.jpg 400w\" sizes=\"auto, (max-width: 199px) 100vw, 199px\" \/><\/p>\n<p>&nbsp;<\/p>\n<p>&nbsp;<\/p>\n<p><a href=\"https:\/\/herault.fr\/\" target=\"_blank\"><strong>Conseil d\u00e9partemental de l&rsquo;H\u00e9rault<\/strong><\/a><\/p>\n<p><cite class=\"_Rm\">\u00a0<\/cite><\/p>\n<p>&nbsp;<\/p>\n<p>&nbsp;<\/p>\n<p>&nbsp;<\/p>\n<p><a href=\"http:\/\/www.cicade.org\/wp-content\/uploads\/2014\/01\/DGEF-Marianne.png\"><img loading=\"lazy\" decoding=\"async\" class=\"alignleft wp-image-2593 \" src=\"http:\/\/www.cicade.org\/wp-content\/uploads\/2014\/01\/DGEF-Marianne-300x298.png\" width=\"154\" height=\"153\" srcset=\"https:\/\/www.cicade.org\/wp-content\/uploads\/2014\/01\/DGEF-Marianne-300x298.png 300w, https:\/\/www.cicade.org\/wp-content\/uploads\/2014\/01\/DGEF-Marianne-100x100.png 100w, https:\/\/www.cicade.org\/wp-content\/uploads\/2014\/01\/DGEF-Marianne-150x150.png 150w, https:\/\/www.cicade.org\/wp-content\/uploads\/2014\/01\/DGEF-Marianne.png 336w\" sizes=\"auto, (max-width: 154px) 100vw, 154px\" \/><\/a><\/p>\n<p>&nbsp;<\/p>\n<p>&nbsp;<\/p>\n<p>&nbsp;<\/p>\n<p class=\" text-left\"><b><a href=\"https:\/\/www.immigration.interieur.gouv.fr\/La-Direction-generale\/Directions-et-services\" target=\"_blank\">Direction de l&rsquo;int\u00e9gration et de l&rsquo;acc\u00e8s \u00e0 la nationalit\u00e9 (<span class=\"il\">DIAN<\/span>)<\/a><br \/>\n<\/b><\/p>\n<p>&nbsp;<\/p>\n<p>&nbsp;<\/p>\n<p>&nbsp;<\/p>\n<p>&nbsp;<\/p>\n<p>&nbsp;<\/p>\n<p><img loading=\"lazy\" decoding=\"async\" class=\"wp-image-1457 alignleft\" src=\"http:\/\/www.cicade.org\/wp-content\/uploads\/2014\/01\/Logo_Pref_Occitanie.jpg\" alt=\"BM_REG-Ocitanie-vecto copie\" width=\"138\" height=\"177\" srcset=\"https:\/\/www.cicade.org\/wp-content\/uploads\/2014\/01\/Logo_Pref_Occitanie.jpg 250w, https:\/\/www.cicade.org\/wp-content\/uploads\/2014\/01\/Logo_Pref_Occitanie-234x300.jpg 234w, https:\/\/www.cicade.org\/wp-content\/uploads\/2014\/01\/Logo_Pref_Occitanie-117x150.jpg 117w\" sizes=\"auto, (max-width: 138px) 100vw, 138px\" \/><\/p>\n<p>&nbsp;<\/p>\n<p>&nbsp;<\/p>\n<p>&nbsp;<\/p>\n<p><a href=\"https:\/\/occitanie.dreets.gouv.fr\/\" target=\"_blank\"><strong>Direction r\u00e9gionale de l\u2019\u00e9conomie, de l\u2019emploi, du travail et des solidarit\u00e9s (<span class=\"il\">DREETS<\/span>)\u00a0<\/strong><\/a><\/p>\n<p>&nbsp;<\/p>\n<p>&nbsp;<\/p>\n<p>&nbsp;<\/p>\n<p>&nbsp;<\/p>\n<p>&nbsp;<\/p>\n<p><img loading=\"lazy\" decoding=\"async\" class=\"wp-image-1457 alignleft\" src=\"http:\/\/www.cicade.org\/wp-content\/uploads\/2014\/01\/Logo_Pref_Occitanie.jpg\" alt=\"BM_REG-Ocitanie-vecto copie\" width=\"138\" height=\"177\" srcset=\"https:\/\/www.cicade.org\/wp-content\/uploads\/2014\/01\/Logo_Pref_Occitanie.jpg 250w, https:\/\/www.cicade.org\/wp-content\/uploads\/2014\/01\/Logo_Pref_Occitanie-234x300.jpg 234w, https:\/\/www.cicade.org\/wp-content\/uploads\/2014\/01\/Logo_Pref_Occitanie-117x150.jpg 117w\" sizes=\"auto, (max-width: 138px) 100vw, 138px\" \/><\/p>\n<p>&nbsp;<\/p>\n<p>&nbsp;<\/p>\n<p>&nbsp;<\/p>\n<p><a href=\"https:\/\/www.prefectures-regions.gouv.fr\/occitanie\/Region-et-institutions\/L-action-de-l-Etat\/Droits-des-femmes-egalite\" target=\"_blank\"><strong>Direction r\u00e9gionale aux droits des femmes et \u00e0 l&rsquo;\u00e9galit\u00e9 (DRDFE)\u00a0\u00a0<\/strong><\/a><\/p>\n<h3 class=\"LC20lb MBeuO DKV0Md\"><\/h3>\n<p>&nbsp;<\/p>\n<p>&nbsp;<\/p>\n<p>&nbsp;<\/p>\n<p>&nbsp;<\/p>\n<p>&nbsp;<\/p>\n<p><img loading=\"lazy\" decoding=\"async\" class=\"alignleft wp-image-476\" src=\"http:\/\/www.cicade.org\/wp-content\/uploads\/2014\/01\/ville.jpg\" alt=\"ville\" width=\"150\" height=\"190\" \/><\/p>\n<p>&nbsp;<\/p>\n<p>&nbsp;<\/p>\n<p>&nbsp;<\/p>\n<p><a href=\"https:\/\/www.montpellier.fr\/\" target=\"_blank\"><strong>Ville\u00a0 de Montpellier<\/strong><\/a><\/p>\n<p>&nbsp;<\/p>\n<p>&nbsp;<\/p>\n<p>&nbsp;<\/p>\n<p>&nbsp;<\/p>\n<p>&nbsp;<\/p>\n<p>&nbsp;<\/p>\n<p><img loading=\"lazy\" decoding=\"async\" class=\"alignleft wp-image-567\" src=\"http:\/\/www.cicade.org\/wp-content\/uploads\/2014\/01\/fonjep_rvb.png\" alt=\"fonjep_rvb\" width=\"151\" height=\"151\" srcset=\"https:\/\/www.cicade.org\/wp-content\/uploads\/2014\/01\/fonjep_rvb.png 242w, https:\/\/www.cicade.org\/wp-content\/uploads\/2014\/01\/fonjep_rvb-100x100.png 100w, https:\/\/www.cicade.org\/wp-content\/uploads\/2014\/01\/fonjep_rvb-150x150.png 150w\" sizes=\"auto, (max-width: 151px) 100vw, 151px\" \/><\/p>\n<p>&nbsp;<\/p>\n<p>&nbsp;<\/p>\n<p>&nbsp;<\/p>\n<p><a href=\"https:\/\/www.fonjep.org\/\" target=\"_blank\"><strong>FONJEP<\/strong><\/a><\/p>\n<p>&nbsp;<\/p>\n","protected":false},"excerpt":{"rendered":"<p>&nbsp;<\/p>\n<\/p>\n<p>&nbsp;<\/p>\n<p>&nbsp;<\/p>\n<p>Commissariat g\u00e9n\u00e9ral \u00e0 l&rsquo;\u00e9galit\u00e9 des territoires (CGET)<\/p>\n<p>&nbsp;<\/p>\n<p>&nbsp;<\/p>\n<p>&nbsp;<\/p>\n<p>&nbsp;<\/p>\n<p>&nbsp;<\/p>\n<\/p>\n<p>&nbsp;<\/p>\n<p>&nbsp;<\/p>\n<p>&nbsp;<\/p>\n<p>Caisse d&rsquo;allocations familiales de l&rsquo;H\u00e9rault<\/p>\n<p>&nbsp;<\/p>\n<p>&nbsp;<\/p>\n<p>&nbsp;<\/p>\n<p>&nbsp;<\/p>\n<p>&nbsp;<\/p>\n<\/p>\n<p>&nbsp;<\/p>\n<p>&nbsp;<\/p>\n<p>Conseil d\u00e9partemental de l&rsquo;H\u00e9rault<\/p>\n<\/p>\n<p>&nbsp;<\/p>\n<p>&nbsp;<\/p>\n<p>&nbsp;<\/p>\n<\/p>\n<p>&nbsp;<\/p>\n<p>&nbsp;<\/p>\n<p>&nbsp;<\/p>\n<p class=\" text-left\">Direction de l&rsquo;int\u00e9gration et de l&rsquo;acc\u00e8s \u00e0 la nationalit\u00e9 (DIAN) <\/p>\n<p>&nbsp;<\/p>\n<p>&nbsp;<\/p>\n<p>&nbsp;<\/p>\n<p>&nbsp;<\/p>\n<p>&nbsp;<\/p>\n<\/p>\n<p>&nbsp;<\/p>\n<p>&nbsp;<\/p>\n<p>&nbsp;<\/p>\n<p>Direction r\u00e9gionale de l\u2019\u00e9conomie, de <\/p>\n<p>[&#8230;<a href=\"https:\/\/www.cicade.org\/?page_id=66\">lire la suite<\/a>]<\/p>\n","protected":false},"author":2,"featured_media":0,"parent":0,"menu_order":0,"comment_status":"closed","ping_status":"open","template":"","meta":{"footnotes":""},"class_list":["post-66","page","type-page","status-publish","hentry","odd"],"publishpress_future_action":{"enabled":false,"date":"2026-05-23 07:29:09","action":"change-status","newStatus":"draft","terms":[],"taxonomy":"","extraData":[]},"publishpress_future_workflow_manual_trigger":{"enabledWorkflows":[]},"_links":{"self":[{"href":"https:\/\/www.cicade.org\/index.php?rest_route=\/wp\/v2\/pages\/66","targetHints":{"allow":["GET"]}}],"collection":[{"href":"https:\/\/www.cicade.org\/index.php?rest_route=\/wp\/v2\/pages"}],"about":[{"href":"https:\/\/www.cicade.org\/index.php?rest_route=\/wp\/v2\/types\/page"}],"author":[{"embeddable":true,"href":"https:\/\/www.cicade.org\/index.php?rest_route=\/wp\/v2\/users\/2"}],"replies":[{"embeddable":true,"href":"https:\/\/www.cicade.org\/index.php?rest_route=%2Fwp%2Fv2%2Fcomments&post=66"}],"version-history":[{"count":3,"href":"https:\/\/www.cicade.org\/index.php?rest_route=\/wp\/v2\/pages\/66\/revisions"}],"predecessor-version":[{"id":2595,"href":"https:\/\/www.cicade.org\/index.php?rest_route=\/wp\/v2\/pages\/66\/revisions\/2595"}],"wp:attachment":[{"href":"https:\/\/www.cicade.org\/index.php?rest_route=%2Fwp%2Fv2%2Fmedia&parent=66"}],"curies":[{"name":"wp","href":"https:\/\/api.w.org\/{rel}","templated":true}]}}